{"id":14,"date":"2014-02-17T19:07:35","date_gmt":"2014-02-17T18:07:35","guid":{"rendered":"http:\/\/hkartor.se\/~vax\/arboretumnorr_wp\/?page_id=14"},"modified":"2025-01-14T14:22:52","modified_gmt":"2025-01-14T14:22:52","slug":"campus-arboretum","status":"publish","type":"page","link":"https:\/\/www.arboretum-norr.se\/en\/campus-arboretum\/","title":{"rendered":"Campus Arboretum"},"content":{"rendered":"<p><a href=\"https:\/\/www.arboretum-norr.se\/wp-content\/uploads\/2020\/01\/campusoversikt.jpg\" rel=\"lightbox-0\"><img loading=\"lazy\" decoding=\"async\" class=\"alignleft wp-image-1288 size-large\" src=\"https:\/\/www.arboretum-norr.se\/wp-content\/uploads\/2020\/01\/campusoversikt.jpg\" alt=\"\" width=\"584\" height=\"438\"><\/a><\/p>\n<div id=\"attachment_3196\" style=\"width: 310px\" class=\"wp-caption alignleft\"><a href=\"https:\/\/www.arboretum-norr.se\/campus\"><img loading=\"lazy\" decoding=\"async\" aria-describedby=\"caption-attachment-3196\" class=\"wp-image-3196 size-medium\" src=\"https:\/\/www.arboretum-norr.se\/wp-content\/uploads\/2020\/10\/kartahemsida-300x176.jpg\" alt=\"\" width=\"300\" height=\"176\"><\/a><p id=\"caption-attachment-3196\" class=\"wp-caption-text\">Link to interactive map<\/p><\/div>\n<p>In the end of the 1970s, parallel with the construction of the arboretum in Baggb\u00f6le, another arboretum was also starting to take form at the university campus in Ume\u00e5. The collection was distributed mostly around the at that time newly build Forestry school (which is now the Faculty of Forest Sciences at the Swedish University of Agricultural Sciences &#8211; SLU), and its main purpose was to be used in the education there. The Campus Arboretum also called the Forestry School Arboretum is home to several exciting species, the one pictured below is a European white-elm (<em>Ulmus laevis<\/em>). It was planted in 1998 and now 20 years later it has reached a height of 15 meters. This is the only European white-elm in Ume\u00e5 (the arboretum in Baggb\u00f6le has a couple of young individuals) and has grown surprisingly well despite its otherwise very southerly distribution in Sweden. Click on &#8220;L\u00e4s mer&#8221; to read more about the history of the Campus arboretum.<\/p>\n<p><a href=\"https:\/\/www.arboretum-norr.se\/wp-content\/uploads\/sites\/4\/2014\/02\/vresalm.jpg\" rel=\"lightbox-1\"><img loading=\"lazy\" decoding=\"async\" class=\" wp-image-1628 alignright\" src=\"https:\/\/www.arboretum-norr.se\/wp-content\/uploads\/sites\/4\/2014\/02\/vresalm-268x300.jpg\" alt=\"\" width=\"500\" height=\"560\"><\/a><\/p>\n<h2>The Forestry School&nbsp;Arboretum &#8211;&nbsp;a short history<\/h2>\n<hr class=\"readmoreDivider\">\n<p>When the Forestry School in 1978 became apart of the&nbsp;Swedish University of Agricultural Sciences and was delocalized to Ume\u00e5,<\/p>\n<p>N\u00e4r Skogsh\u00f6gskolan 1978 blev en del av Sveriges lantbruksuniversitet och utlokaliserades till Ume\u00e5, l\u00e4mnade man ett vackert, ganska utv\u00e4xt arboretum vid de gamla lokalerna vid Frescati Hage i Stockholm. F\u00f6rlusten av denna tr\u00e4dsamling lyftes fram som ett stort pedagogiskt problem, bland annat av d\u00e5varande botanikprofessorn Magnus Fries.&nbsp;I Ume\u00e5 var d\u00e5 redan planerna f\u00f6r Arboretum Norr ute i Baggb\u00f6le i full g\u00e5ng. Initiativtagaren till Arboretum Norr, Carl-Gustav Th\u00f8gersen (tillika Stiftelsen Arboretum Norrs f\u00f6rsta f\u00f6rest\u00e5ndare), fick d\u00e4rf\u00f6r ett uppdrag att \u00e4ven dra upp och plantera diverse exotiska tr\u00e4d runt de nya lokalerna i Ume\u00e5. Planteringar av enskilda tr\u00e4d, b\u00e5de l\u00f6vtr\u00e4d och barrtr\u00e4d, gjordes p\u00e5 flera st\u00e4llen runt omkring byggnaderna inklusive p\u00e5 de kringbyggda innerg\u00e5rdarna. Flera grupper (3-10 individer) av olika tr\u00e4darter (f\u00f6retr\u00e4desvis barrtr\u00e4d) planterades rakt s\u00f6der om SLU-byggnaderna, nedanf\u00f6r den sluttning d\u00e4r Skogsh\u00f6gskolans studentk\u00e5rs k\u00e5rhus idag ligger.<\/p>\n<div id=\"attachment_1634\" style=\"width: 310px\" class=\"wp-caption alignleft\"><a href=\"https:\/\/www.arboretum-norr.se\/wp-content\/uploads\/sites\/4\/2014\/02\/Picea-omorika-o-Larix-laricina_2009.jpg\" rel=\"lightbox-2\"><img loading=\"lazy\" decoding=\"async\" aria-describedby=\"caption-attachment-1634\" class=\"size-medium wp-image-1634\" src=\"https:\/\/www.arboretum-norr.se\/wp-content\/uploads\/sites\/4\/2014\/02\/Picea-omorika-o-Larix-laricina_2009-300x284.jpg\" alt=\"Serbgranen (Picea omorika) i f\u00f6rgrunden och gruppen av kanadal\u00e4rkar (Larix laricina) i bakgrunden \u00e4r n\u00e5gra av de ursprungliga tr\u00e4den i samlingen, vilka planterades h\u00e4r av Arboretum Norr i b\u00f6rjan av 1980-talet.\" width=\"300\" height=\"284\"><\/a><p id=\"caption-attachment-1634\" class=\"wp-caption-text\">Serbgranen (Picea omorika) i f\u00f6rgrunden och gruppen av kanadal\u00e4rkar (Larix laricina) i bakgrunden \u00e4r n\u00e5gra av de ursprungliga tr\u00e4den i samlingen, vilka planterades h\u00e4r av Arboretum Norr i b\u00f6rjan av 1980-talet.<\/p><\/div>\n<p>Tr\u00e4dintreserade studenter i dendrologiska f\u00f6reningen inom Skogsh\u00f6gskolans studentk\u00e5r, har sedan fyllt p\u00e5 samlingarna med m\u00e4ngder av plantor under \u00e5rens lopp. Det roligaste med dessa planteringar \u00e4r att man helt oblygt har testat mycket som enligt tidigare k\u00e4nd kunskap inte borde ha en chans att klara sig i Ume\u00e5, vilket har gjort att samlingarna idag inneh\u00e5ller n\u00e5gra tr\u00e4d som i vissa fall \u00e4r de enda av sitt slag i Ume\u00e5 och i hela norra Sverige. Vid den senaste inventeringen, som gjordes 2004, inneh\u00f6ll tr\u00e4dsamlingen 308 planterade tr\u00e4dindivider, f\u00f6rdelat p\u00e5 185 olika taxa.<\/p>\n<p>Tyv\u00e4rr har m\u00e5nga av de ursprungliga tr\u00e4dplanteringarna f\u00e5tt stryka p\u00e5 foten genom SLU:s expansion. Vid stora ombyggnationer 2012-2013, fick mer \u00e4n 50 st\u00f6rre och mindre tr\u00e4d tas bort. Det r\u00f6rde sig dels om tr\u00e4d p\u00e5 innerg\u00e5rden p\u00e5 plan 3, vilken byggdes in till cafeteria, dels om tr\u00e4d s\u00f6der&nbsp;om huset d\u00e4r det byggdes baracker f\u00f6r att tillf\u00e4lligt inhysa en institution. Idag har det omr\u00e5det blivit parkeringsplats med en del av de ursprungliga tr\u00e4dsamlingarna i direkt anslutning till parkeringen. Arboretum Norr f\u00f6rs\u00f6kte&nbsp;r\u00e4dda en del av tr\u00e4den genom att l\u00e5ta gr\u00e4va upp dem i st\u00e4llet f\u00f6r att f\u00e4lla dem. N\u00e5gra av dessa omplanterades l\u00e4ngre s\u00f6derut p\u00e5 campusomr\u00e5det och n\u00e5gra flyttades ut till v\u00e5rt arboretum i Baggb\u00f6le. I dag \u00e4r framtiden oviss f\u00f6r skogsh\u00f6gskolans arboretumt, men vi jobbar p\u00e5 att f\u00e5 fram ekonomiska resurser till en rej\u00e4l restaurering av omr\u00e5det.<\/p>\n","protected":false},"excerpt":{"rendered":"<p>In the end of the 1970s, parallel with the construction of the arboretum in Baggb\u00f6le, another arboretum was also starting to take form at the university campus in Ume\u00e5. The collection was distributed mostly around the at that time newly &hellip; <a href=\"https:\/\/www.arboretum-norr.se\/en\/campus-arboretum\/\">Continue reading <span class=\"meta-nav\">&rarr;<\/span><\/a><\/p>\n","protected":false},"author":797161,"featured_media":0,"parent":0,"menu_order":0,"comment_status":"closed","ping_status":"closed","template":"sidebar-page.php","meta":{"footnotes":""},"class_list":["post-14","page","type-page","status-publish","hentry"],"_links":{"self":[{"href":"https:\/\/www.arboretum-norr.se\/en\/wp-json\/wp\/v2\/pages\/14","targetHints":{"allow":["GET"]}}],"collection":[{"href":"https:\/\/www.arboretum-norr.se\/en\/wp-json\/wp\/v2\/pages"}],"about":[{"href":"https:\/\/www.arboretum-norr.se\/en\/wp-json\/wp\/v2\/types\/page"}],"author":[{"embeddable":true,"href":"https:\/\/www.arboretum-norr.se\/en\/wp-json\/wp\/v2\/users\/797161"}],"replies":[{"embeddable":true,"href":"https:\/\/www.arboretum-norr.se\/en\/wp-json\/wp\/v2\/comments?post=14"}],"version-history":[{"count":3,"href":"https:\/\/www.arboretum-norr.se\/en\/wp-json\/wp\/v2\/pages\/14\/revisions"}],"predecessor-version":[{"id":1502,"href":"https:\/\/www.arboretum-norr.se\/en\/wp-json\/wp\/v2\/pages\/14\/revisions\/1502"}],"wp:attachment":[{"href":"https:\/\/www.arboretum-norr.se\/en\/wp-json\/wp\/v2\/media?parent=14"}],"curies":[{"name":"wp","href":"https:\/\/api.w.org\/{rel}","templated":true}]}}

<p><a href="https://www.arboretum-norr.se/wp-content/uploads/2020/01/campusoversikt.jpg" rel="lightbox-0"><img loading="lazy" decoding="async" class="alignleft wp-image-1288 size-large" src="https://www.arboretum-norr.se/wp-content/uploads/2020/01/campusoversikt.jpg" alt="" width="584" height="438"></a></p>
<div id="attachment_3196" style="width: 310px" class="wp-caption alignleft"><a href="https://www.arboretum-norr.se/campus"><img loading="lazy" decoding="async" aria-describedby="caption-attachment-3196" class="wp-image-3196 size-medium" src="https://www.arboretum-norr.se/wp-content/uploads/2020/10/kartahemsida-300x176.jpg" alt="" width="300" height="176"></a><p id="caption-attachment-3196" class="wp-caption-text">Link to interactive map</p></div>
<p>In the end of the 1970s, parallel with the construction of the arboretum in Baggböle, another arboretum was also starting to take form at the university campus in Umeå. The collection was distributed mostly around the at that time newly build Forestry school (which is now the Faculty of Forest Sciences at the Swedish University of Agricultural Sciences &#8211; SLU), and its main purpose was to be used in the education there. The Campus Arboretum also called the Forestry School Arboretum is home to several exciting species, the one pictured below is a European white-elm (<em>Ulmus laevis</em>). It was planted in 1998 and now 20 years later it has reached a height of 15 meters. This is the only European white-elm in Umeå (the arboretum in Baggböle has a couple of young individuals) and has grown surprisingly well despite its otherwise very southerly distribution in Sweden. Click on &#8220;Läs mer&#8221; to read more about the history of the Campus arboretum.</p>
<p><a href="https://www.arboretum-norr.se/wp-content/uploads/sites/4/2014/02/vresalm.jpg" rel="lightbox-1"><img loading="lazy" decoding="async" class=" wp-image-1628 alignright" src="https://www.arboretum-norr.se/wp-content/uploads/sites/4/2014/02/vresalm-268x300.jpg" alt="" width="500" height="560"></a></p>
<h2>The Forestry School&nbsp;Arboretum &#8211;&nbsp;a short history</h2>
<hr class="readmoreDivider">
<p>When the Forestry School in 1978 became apart of the&nbsp;Swedish University of Agricultural Sciences and was delocalized to Umeå,</p>
<p>När Skogshögskolan 1978 blev en del av Sveriges lantbruksuniversitet och utlokaliserades till Umeå, lämnade man ett vackert, ganska utväxt arboretum vid de gamla lokalerna vid Frescati Hage i Stockholm. Förlusten av denna trädsamling lyftes fram som ett stort pedagogiskt problem, bland annat av dåvarande botanikprofessorn Magnus Fries.&nbsp;I Umeå var då redan planerna för Arboretum Norr ute i Baggböle i full gång. Initiativtagaren till Arboretum Norr, Carl-Gustav Thøgersen (tillika Stiftelsen Arboretum Norrs första föreståndare), fick därför ett uppdrag att även dra upp och plantera diverse exotiska träd runt de nya lokalerna i Umeå. Planteringar av enskilda träd, både lövträd och barrträd, gjordes på flera ställen runt omkring byggnaderna inklusive på de kringbyggda innergårdarna. Flera grupper (3-10 individer) av olika trädarter (företrädesvis barrträd) planterades rakt söder om SLU-byggnaderna, nedanför den sluttning där Skogshögskolans studentkårs kårhus idag ligger.</p>
<div id="attachment_1634" style="width: 310px" class="wp-caption alignleft"><a href="https://www.arboretum-norr.se/wp-content/uploads/sites/4/2014/02/Picea-omorika-o-Larix-laricina_2009.jpg" rel="lightbox-2"><img loading="lazy" decoding="async" aria-describedby="caption-attachment-1634" class="size-medium wp-image-1634" src="https://www.arboretum-norr.se/wp-content/uploads/sites/4/2014/02/Picea-omorika-o-Larix-laricina_2009-300x284.jpg" alt="Serbgranen (Picea omorika) i förgrunden och gruppen av kanadalärkar (Larix laricina) i bakgrunden är några av de ursprungliga träden i samlingen, vilka planterades här av Arboretum Norr i början av 1980-talet." width="300" height="284"></a><p id="caption-attachment-1634" class="wp-caption-text">Serbgranen (Picea omorika) i förgrunden och gruppen av kanadalärkar (Larix laricina) i bakgrunden är några av de ursprungliga träden i samlingen, vilka planterades här av Arboretum Norr i början av 1980-talet.</p></div>
<p>Trädintreserade studenter i dendrologiska föreningen inom Skogshögskolans studentkår, har sedan fyllt på samlingarna med mängder av plantor under årens lopp. Det roligaste med dessa planteringar är att man helt oblygt har testat mycket som enligt tidigare känd kunskap inte borde ha en chans att klara sig i Umeå, vilket har gjort att samlingarna idag innehåller några träd som i vissa fall är de enda av sitt slag i Umeå och i hela norra Sverige. Vid den senaste inventeringen, som gjordes 2004, innehöll trädsamlingen 308 planterade trädindivider, fördelat på 185 olika taxa.</p>
<p>Tyvärr har många av de ursprungliga trädplanteringarna fått stryka på foten genom SLU:s expansion. Vid stora ombyggnationer 2012-2013, fick mer än 50 större och mindre träd tas bort. Det rörde sig dels om träd på innergården på plan 3, vilken byggdes in till cafeteria, dels om träd söder&nbsp;om huset där det byggdes baracker för att tillfälligt inhysa en institution. Idag har det området blivit parkeringsplats med en del av de ursprungliga trädsamlingarna i direkt anslutning till parkeringen. Arboretum Norr försökte&nbsp;rädda en del av träden genom att låta gräva upp dem i stället för att fälla dem. Några av dessa omplanterades längre söderut på campusområdet och några flyttades ut till vårt arboretum i Baggböle. I dag är framtiden oviss för skogshögskolans arboretumt, men vi jobbar på att få fram ekonomiska resurser till en rejäl restaurering av området.</p>

<p>In the end of the 1970s, parallel with the construction of the arboretum in Baggböle, another arboretum was also starting to take form at the university campus in Umeå. The collection was distributed mostly around the at that time newly &hellip; <a href="https://www.arboretum-norr.se/en/campus-arboretum/">Continue reading <span class="meta-nav">&rarr;</span></a></p>
