{"id":344,"date":"2018-03-13T11:58:37","date_gmt":"2018-03-13T10:58:37","guid":{"rendered":"https:\/\/kigo.se.vkube.cloud\/vanner\/?page_id=344"},"modified":"2026-02-11T09:44:16","modified_gmt":"2026-02-11T08:44:16","slug":"studieresor","status":"publish","type":"page","link":"https:\/\/www.arboretum-norr.se\/vanner\/studieresor\/","title":{"rendered":"Studieresor"},"content":{"rendered":"<p>Varje \u00e5r f\u00f6rs\u00f6ker vi i f\u00f6reningen att anordna en studieresa till andra arboreta eller botanisk tr\u00e4dg\u00e5rdar, det g\u00e4ller s\u00e5v\u00e4l inom landet som utomlands. Senaste resan gjordes i maj 2019 och d\u00e5 var destinationen London i England, man kan l\u00e4sa mer om den resan nedanf\u00f6r tillsammans med tidigare \u00e5rs resor.<\/p>\n<p><strong>Studieresa 2026 &#8211; ?<br \/>\n<\/strong><\/p>\n<p>H\u00e5ll utkik efter \u00e5rets resm\u00e5l!<\/p>\n<p><strong>Tidigare studieresor<\/strong><\/p>\n<ul>\n<li>2020-2025 &#8211; Inga resor (Fr\u00e4mst p.g.a. Covid)<\/li>\n<li><a href=\"https:\/\/www.arboretum-norr.se\/vanner\/2019-london-england\/\">2019 &#8211; London, England<\/a><\/li>\n<li><a href=\"https:\/\/www.arboretum-norr.se\/vanner\/2018-arboretum-drafle\/\">2018 &#8211; Arboretum Drafle, H\u00e4rn\u00f6sand<\/a><\/li>\n<li><a href=\"https:\/\/www.arboretum-norr.se\/vanner\/2017\/studieresan-2017\/\">2017 &#8211; \u00d6rnsk\u00f6ldsvik<\/a><\/li>\n<li><a href=\"https:\/\/www.arboretum-norr.se\/vanner\/2017\/studieresan-2016\/\">2016 &#8211; Uppsala &amp; Ekolsund<\/a><\/li>\n<li>2015 &#8211; Skellefte\u00e5<\/li>\n<li><a href=\"https:\/\/www.arboretum-norr.se\/vanner\/2014\/bilder-fran-arets-studiebesok-i-riga\/\">2014 &#8211; Riga, Lettland<\/a><\/li>\n<li>2013 &#8211; Ingen resa<\/li>\n<li><a href=\"https:\/\/www.arboretum-norr.se\/vanner\/2012-bispgardens-forsoksodlingar-arboretum\/\">2012 &#8211; Bispg\u00e5rdens f\u00f6rs\u00f6ksodlingar &amp; arboretum<\/a><\/li>\n<li><a href=\"https:\/\/www.arboretum-norr.se\/vanner\/2011-slus-forsoksparker-i-vindeln\/\">2011 &#8211;\u00a0SLU:s f\u00f6rs\u00f6ksparker i Vindeln<\/a><\/li>\n<\/ul>\n<div id=\"attachment_239\" style=\"width: 1034px\" class=\"wp-caption alignnone\"><a href=\"\/wp-content\/uploads\/sites\/2\/2014\/09\/P1000191-rezised.jpg\" rel=\"lightbox-0\"><img loading=\"lazy\" decoding=\"async\" aria-describedby=\"caption-attachment-239\" class=\"wp-image-239 size-large\" src=\"\/wp-content\/uploads\/sites\/2\/2014\/09\/P1000191-rezised-1024x768.jpg\" alt=\"\" width=\"1024\" height=\"768\" srcset=\"\/wp-content\/uploads\/sites\/2\/2014\/09\/P1000191-rezised-1024x768.jpg 1024w, \/wp-content\/uploads\/sites\/2\/2014\/09\/P1000191-rezised-300x225.jpg 300w\" sizes=\"auto, (max-width: 1024px) 100vw, 1024px\" \/><\/a><p id=\"caption-attachment-239\" class=\"wp-caption-text\">2014 \u00e5rs studieresa till Riga i Lettland<\/p><\/div>\n","protected":false},"excerpt":{"rendered":"<p>Varje \u00e5r f\u00f6rs\u00f6ker vi i f\u00f6reningen att anordna en studieresa till andra arboreta eller botanisk tr\u00e4dg\u00e5rdar, det g\u00e4ller s\u00e5v\u00e4l inom landet som utomlands. Senaste resan gjordes i maj 2019 och d\u00e5 var destinationen London i <a class=\"read-more\" title=\"L\u00e4s vidare\" href=\"https:\/\/www.arboretum-norr.se\/vanner\/studieresor\/\"> &#8230;<\/a><\/p>\n","protected":false},"author":797161,"featured_media":0,"parent":0,"menu_order":0,"comment_status":"closed","ping_status":"closed","template":"","meta":{"footnotes":""},"class_list":["post-344","page","type-page","status-publish","hentry"],"_links":{"self":[{"href":"https:\/\/www.arboretum-norr.se\/vanner\/wp-json\/wp\/v2\/pages\/344","targetHints":{"allow":["GET"]}}],"collection":[{"href":"https:\/\/www.arboretum-norr.se\/vanner\/wp-json\/wp\/v2\/pages"}],"about":[{"href":"https:\/\/www.arboretum-norr.se\/vanner\/wp-json\/wp\/v2\/types\/page"}],"author":[{"embeddable":true,"href":"https:\/\/www.arboretum-norr.se\/vanner\/wp-json\/wp\/v2\/users\/797161"}],"replies":[{"embeddable":true,"href":"https:\/\/www.arboretum-norr.se\/vanner\/wp-json\/wp\/v2\/comments?post=344"}],"version-history":[{"count":3,"href":"https:\/\/www.arboretum-norr.se\/vanner\/wp-json\/wp\/v2\/pages\/344\/revisions"}],"predecessor-version":[{"id":911,"href":"https:\/\/www.arboretum-norr.se\/vanner\/wp-json\/wp\/v2\/pages\/344\/revisions\/911"}],"wp:attachment":[{"href":"https:\/\/www.arboretum-norr.se\/vanner\/wp-json\/wp\/v2\/media?parent=344"}],"curies":[{"name":"wp","href":"https:\/\/api.w.org\/{rel}","templated":true}]}}

<p>Varje år försöker vi i föreningen att anordna en studieresa till andra arboreta eller botanisk trädgårdar, det gäller såväl inom landet som utomlands. Senaste resan gjordes i maj 2019 och då var destinationen London i England, man kan läsa mer om den resan nedanför tillsammans med tidigare års resor.</p>
<p><strong>Studieresa 2026 &#8211; ?<br />
</strong></p>
<p>Håll utkik efter årets resmål!</p>
<p><strong>Tidigare studieresor</strong></p>
<ul>
<li>2020-2025 &#8211; Inga resor (Främst p.g.a. Covid)</li>
<li><a href="https://www.arboretum-norr.se/vanner/2019-london-england/">2019 &#8211; London, England</a></li>
<li><a href="https://www.arboretum-norr.se/vanner/2018-arboretum-drafle/">2018 &#8211; Arboretum Drafle, Härnösand</a></li>
<li><a href="https://www.arboretum-norr.se/vanner/2017/studieresan-2017/">2017 &#8211; Örnsköldsvik</a></li>
<li><a href="https://www.arboretum-norr.se/vanner/2017/studieresan-2016/">2016 &#8211; Uppsala &amp; Ekolsund</a></li>
<li>2015 &#8211; Skellefteå</li>
<li><a href="https://www.arboretum-norr.se/vanner/2014/bilder-fran-arets-studiebesok-i-riga/">2014 &#8211; Riga, Lettland</a></li>
<li>2013 &#8211; Ingen resa</li>
<li><a href="https://www.arboretum-norr.se/vanner/2012-bispgardens-forsoksodlingar-arboretum/">2012 &#8211; Bispgårdens försöksodlingar &amp; arboretum</a></li>
<li><a href="https://www.arboretum-norr.se/vanner/2011-slus-forsoksparker-i-vindeln/">2011 &#8211; SLU:s försöksparker i Vindeln</a></li>
</ul>
<div id="attachment_239" style="width: 1034px" class="wp-caption alignnone"><a href="/wp-content/uploads/sites/2/2014/09/P1000191-rezised.jpg" rel="lightbox-0"><img loading="lazy" decoding="async" aria-describedby="caption-attachment-239" class="wp-image-239 size-large" src="/wp-content/uploads/sites/2/2014/09/P1000191-rezised-1024x768.jpg" alt="" width="1024" height="768" srcset="/wp-content/uploads/sites/2/2014/09/P1000191-rezised-1024x768.jpg 1024w, /wp-content/uploads/sites/2/2014/09/P1000191-rezised-300x225.jpg 300w" sizes="auto, (max-width: 1024px) 100vw, 1024px" /></a><p id="caption-attachment-239" class="wp-caption-text">2014 års studieresa till Riga i Lettland</p></div>

<p>Varje år försöker vi i föreningen att anordna en studieresa till andra arboreta eller botanisk trädgårdar, det gäller såväl inom landet som utomlands. Senaste resan gjordes i maj 2019 och då var destinationen London i <a class="read-more" title="Läs vidare" href="https://www.arboretum-norr.se/vanner/studieresor/"> &#8230;</a></p>
