{"id":936,"date":"2026-04-30T14:30:39","date_gmt":"2026-04-30T12:30:39","guid":{"rendered":"https:\/\/www.arboretum-norr.se\/vanner\/?page_id=936"},"modified":"2026-04-30T14:50:50","modified_gmt":"2026-04-30T12:50:50","slug":"foreningen","status":"publish","type":"page","link":"https:\/\/www.arboretum-norr.se\/vanner\/foreningen\/","title":{"rendered":"Styrelsen"},"content":{"rendered":"\n<h2 class=\"wp-block-heading\">Sammans\u00e4ttning 2026<\/h2>\n\n\n\n<p><strong>Ordf\u00f6rande:<\/strong> Jan-Erik H\u00e4llgren<br><strong>Vice Ordf\u00f6rande:<\/strong> J\u00f6rgen Hajek<br><strong>Kass\u00f6r: <\/strong>Torsten Lindberg<br><strong>Sekreterare:<\/strong> Tommy Nilsson<br><strong>Styrelseledamot: <\/strong>Anders Granstr\u00f6m<br><strong>Styrelseledamot:<\/strong> Per-Anders Lindgren<br><strong>Styrelseledamot:<\/strong> Nina Ingvarsson<br><strong>Styrelsesuppleant:<\/strong> Susanna Gideonsson<br><strong>Styrelsesuppleant:<\/strong> Marita Sundell<\/p>\n\n\n\n<h2 class=\"wp-block-heading\">Styrelsedokument<\/h2>\n\n\n\n<p>\u00c5rsber\u00e4ttelse 2025 &#8211; <a href=\"\/wp-content\/uploads\/sites\/2\/2026\/04\/Arsberattelse-Arboretum-Norrs-Vanner-2025.pdf\">Ladda ner<\/a><br>Resultat &amp; Balansr\u00e4kning 2025 &#8211; <a href=\"\/wp-content\/uploads\/sites\/2\/2026\/04\/resultat-och-balansrakning-2025.docx\">Ladda ner<\/a><br>Revisionsbera\u0308ttelse 2025 &#8211; <a href=\"\/wp-content\/uploads\/sites\/2\/2026\/04\/Revisionsberatterlse-25-paskriven-2.pdf\">Ladda ner<\/a><br>F\u00f6reningens Stadgar &#8211; <a href=\"\/wp-content\/uploads\/sites\/2\/2026\/04\/ANV-Stagdar-2.pdf\">Ladda ner<\/a><\/p>\n","protected":false},"excerpt":{"rendered":"<p>Sammans\u00e4ttning 2026 Ordf\u00f6rande: Jan-Erik H\u00e4llgrenVice Ordf\u00f6rande: J\u00f6rgen HajekKass\u00f6r: Torsten LindbergSekreterare: Tommy NilssonStyrelseledamot: Anders Granstr\u00f6mStyrelseledamot: Per-Anders LindgrenStyrelseledamot: Nina IngvarssonStyrelsesuppleant: Susanna GideonssonStyrelsesuppleant: Marita Sundell Styrelsedokument \u00c5rsber\u00e4ttelse 2025 &#8211; Ladda nerResultat &amp; Balansr\u00e4kning 2025 &#8211; Ladda nerRevisionsbera\u0308ttelse 2025 <a class=\"read-more\" title=\"L\u00e4s vidare\" href=\"https:\/\/www.arboretum-norr.se\/vanner\/foreningen\/\"> &#8230;<\/a><\/p>\n","protected":false},"author":797161,"featured_media":0,"parent":0,"menu_order":0,"comment_status":"closed","ping_status":"closed","template":"","meta":{"footnotes":""},"class_list":["post-936","page","type-page","status-publish","hentry"],"_links":{"self":[{"href":"https:\/\/www.arboretum-norr.se\/vanner\/wp-json\/wp\/v2\/pages\/936","targetHints":{"allow":["GET"]}}],"collection":[{"href":"https:\/\/www.arboretum-norr.se\/vanner\/wp-json\/wp\/v2\/pages"}],"about":[{"href":"https:\/\/www.arboretum-norr.se\/vanner\/wp-json\/wp\/v2\/types\/page"}],"author":[{"embeddable":true,"href":"https:\/\/www.arboretum-norr.se\/vanner\/wp-json\/wp\/v2\/users\/797161"}],"replies":[{"embeddable":true,"href":"https:\/\/www.arboretum-norr.se\/vanner\/wp-json\/wp\/v2\/comments?post=936"}],"version-history":[{"count":3,"href":"https:\/\/www.arboretum-norr.se\/vanner\/wp-json\/wp\/v2\/pages\/936\/revisions"}],"predecessor-version":[{"id":958,"href":"https:\/\/www.arboretum-norr.se\/vanner\/wp-json\/wp\/v2\/pages\/936\/revisions\/958"}],"wp:attachment":[{"href":"https:\/\/www.arboretum-norr.se\/vanner\/wp-json\/wp\/v2\/media?parent=936"}],"curies":[{"name":"wp","href":"https:\/\/api.w.org\/{rel}","templated":true}]}}

<h2 class="wp-block-heading">Sammansättning 2026</h2>



<p><strong>Ordförande:</strong> Jan-Erik Hällgren<br><strong>Vice Ordförande:</strong> Jörgen Hajek<br><strong>Kassör: </strong>Torsten Lindberg<br><strong>Sekreterare:</strong> Tommy Nilsson<br><strong>Styrelseledamot: </strong>Anders Granström<br><strong>Styrelseledamot:</strong> Per-Anders Lindgren<br><strong>Styrelseledamot:</strong> Nina Ingvarsson<br><strong>Styrelsesuppleant:</strong> Susanna Gideonsson<br><strong>Styrelsesuppleant:</strong> Marita Sundell</p>



<h2 class="wp-block-heading">Styrelsedokument</h2>



<p>Årsberättelse 2025 &#8211; <a href="/wp-content/uploads/sites/2/2026/04/Arsberattelse-Arboretum-Norrs-Vanner-2025.pdf">Ladda ner</a><br>Resultat &amp; Balansräkning 2025 &#8211; <a href="/wp-content/uploads/sites/2/2026/04/resultat-och-balansrakning-2025.docx">Ladda ner</a><br>Revisionsberättelse 2025 &#8211; <a href="/wp-content/uploads/sites/2/2026/04/Revisionsberatterlse-25-paskriven-2.pdf">Ladda ner</a><br>Föreningens Stadgar &#8211; <a href="/wp-content/uploads/sites/2/2026/04/ANV-Stagdar-2.pdf">Ladda ner</a></p>

<p>Sammansättning 2026 Ordförande: Jan-Erik HällgrenVice Ordförande: Jörgen HajekKassör: Torsten LindbergSekreterare: Tommy NilssonStyrelseledamot: Anders GranströmStyrelseledamot: Per-Anders LindgrenStyrelseledamot: Nina IngvarssonStyrelsesuppleant: Susanna GideonssonStyrelsesuppleant: Marita Sundell Styrelsedokument Årsberättelse 2025 &#8211; Ladda nerResultat &amp; Balansräkning 2025 &#8211; Ladda nerRevisionsberättelse 2025 <a class="read-more" title="Läs vidare" href="https://www.arboretum-norr.se/vanner/foreningen/"> &#8230;</a></p>
